vided by 46.
41
What is the remainder when 8838 is divided by 123?
105
Calculate the remainder when 6869 is divided by 488.
37
What is the remainder when 16118 is divided by 127?
116
What is the remainder when 2619 is divided by 375?
369
Calculate the remainder when 4172 is divided by 1380.
32
Calculate the remainder when 21188 is divided by 3008.
132
What is the remainder when 112958 is divided by 402?
398
Calculate the remainder when 255734 is divided by 23.
20
What is the remainder when 36410 is divided by 52?
10
What is the remainder when 5747 is divided by 1270?
667
Calculate the remainder when 42193 is divided by 211.
204
Calculate the remainder when 25636 is divided by 99.
94
Calculate the remainder when 147380 is divided by 58.
2
What is the remainder when 624 is divided by 90?
84
What is the remainder when 1889 is divided by 64?
33
Calculate the remainder when 8416 is divided by 19.
18
Calculate the remainder when 357937 is divided by 56.
41
Calculate the remainder when 474 is divided by 22.
12
What is the remainder when 5920520 is divided by 41?
38
What is the remainder when 49157 is divided by 46?
29
What is the remainder when 41764 is divided by 4638?
22
Calculate the remainder when 34028 is divided by 408.
164
What is the remainder when 31205 is divided by 183?
95
What is the remainder when 71928 is divided by 314?
22
What is the remainder when 2081 is divided by 16?
1
What is the remainder when 4796 is divided by 2374?
48
Calculate the remainder when 11947 is divided by 206.
205
Calculate the remainder when 72293 is divided by 7.
4
What is the remainder when 80717 is divided by 161?
56
What is the remainder when 5712 is divided by 1406?
88
What is the remainder when 22871 is divided by 27?
2
Calculate the remainder when 320243 is divided by 610.
603
What is the remainder when 5786 is divided by 250?
36
Calculate the remainder when 15529 is divided by 169.
150
Calculate the remainder when 94291 is divided by 12.
7
What is the remainder when 4877 is divided by 211?
24
What is the remainder when 2795 is divided by 79?
30
What is the remainder when 8589 is divided by 60?
9
What is the remainder when 20939 is divided by 2647?
2410
What is the remainder when 22246 is divided by 22236?
10
Calculate the remainder when 520574 is divided by 75.
74
Calculate the remainder when 761 is divided by 113.
83
Calculate the remainder when 52064 is divided by 5784.
8
What is the remainder when 16073 is divided by 240?
233
Calculate the remainder when 64815 is divided by 2236.
2207
Calculate the remainder when 1407391 is divided by 13.
11
What is the remainder when 13755 is divided by 458?
15
Calculate the remainder when 44236 is divided by 280.
276
Calculate the remainder when 67 is divided by 44.
23
Calculate the remainder when 350336 is divided by 94.
92
What is the remainder when 3610 is divided by 172?
170
Calculate the remainder when 35183 is divided by 6.
5
Calculate the remainder when 16954 is divided by 36.
34
What is the remainder when 4459 is divided by 61?
6
What is the remainder when 1001949 is divided by 12?
9
What is the remainder when 22584 is divided by 2509?
3
What is the remainder when 9591 is divided by 4681?
229
Calculate the remainder when 3113 is divided by 158.
111
Calculate the remainder when 647868 is divided by 85.
83
Calculate the remainder when 28277 is divided by 422.
3
Calculate the remainder when 4439 is divided by 136.
87
What is the remainder when 3876 is divided by 66?
48
What is the remainder when 1409 is divided by 8?
1
What is the remainder when 13543 is divided by 35?
33
Calculate the remainder when 454423 is divided by 344.
343
What is the remainder when 64051 is divided by 115?
111
Calculate the remainder when 818999 is divided by 78.
77
Calculate the remainder when 281319 is divided by 363.
357
Calculate the remainder when 547465 is divided by 194.
191
What is the remainder when 105357 is divided by 52604?
149
Calculate the remainder when 89500 is divided by 452.
4
Calculate the remainder when 122573 is divided by 39.
35
Calculate the remainder when 3197 is divided by 3155.
42
Calculate the remainder when 13037 is divided by 326.
323
Calculate the remainder when 200511 is divided by 28642.
17
Calculate the remainder when 29740 is divided by 484.
216
Calculate the remainder when 13504 is divided by 150.
4
What is the remainder when 335877 is divided by 43?
4
Calculate the remainder when 683 is divided by 220.
23
What is the remainder when 17294 is divided by 4308?
62
Calculate the remainder when 5955 is divided by 710.
275
What is the remainder when 130328 is divided by 43?
38
What is the remainder when 99661 is divided by 36?
13
Calculate the remainder when 28389 is divided by 14.
11
What is the remainder when 126647 is divided by 336?
311
What is the remainder when 46712 is divided by 577?
552
Calculate the remainder when 177602 is divided by 44372.
114
Calculate the remainder when 3135 is divided by 1118.
899
What is the remainder when 301 is divided by 62?
53
Calculate the remainder when 59229 is divided by 14.
9
Calculate the remainder when 65220 is divided by 207.
15
Calculate the remainder when 309 is divided by 293.
16
What is the remainder when 25253 is divided by 37?
19
Calculate the remainder when 2226 is divided by 255.
186
What is the remainder when 671494 is divided by 42?
40
Calculate the remainder when 1375 is divided by 589.
197
Calculate the remainder when 23899 is divided by 683.
677
What is the remainder when 6720 is divided by 10?
0
Calculate the remainder when 2692 is divided by 393.
334
What is the remainder when 4739 is divided by 33?
20
Calculate the remainder when 113687 is divided by 23.
21
What is the remainder when 169558 is divided by 20?
18
What is the remainder when 48679 is divided by 157?
9
What is the remainder when 69662 is divided by 7740?
2
What is the remainder when 1358 is divided by 49?
35
Calculate the remainder when 880 is divided by 113.
89
Calculate the remainder when 1889 is divided by 6.
5
What is the remainder when 3584 is divided by 41?
17
Calculate the remainder when 107387 is divided by 18.
17
Calculate the remainder when 1897 is divided by 577.
166
What is the remainder when 1051551 is divided by 1051538?
13
Calculate the remainder when 76490 is divided by 437.
15
What is the remainder when 18697 is divided by 18689?
8
What is the remainder when 745 is divided by 75?
70
Calculate the remainder when 625 is divided by 137.
77
What is the remainder when 61774 is divided by 163?
160
Calculate the remainder when 62582 is divided by 702.
104
Calculate the remainder when 172781 is divided by 4.
1
Calculate the remainder when 799 is divided by 194.
23
Calculate the remainder when 4903 is divided by 72.
7
Calculate the remainder when 10591 is divided by 5294.
3
Calculate the remainder when 5826611 is divided by 1499.
1497
What is the remainder when 113785 is divided by 56877?
31
Calculate the remainder when 4728 is divided by 1172.
40
What is the remainder when 394 is divided by 57?
52
What is the remainder when 24771 is divided by 4120?
51
What is the remainder when 59811 is divided by 376?
27
What is the remainder when 3396 is divided by 703?
584
What is the remainder when 643 is divided by 312?
19
Calculate the remainder when 10865 is divided by 3099.
1568
Calculate the remainder when 4665 is divided by 173.
167
What is the remainder when 4937 is divided by 45?
32
What is the remainder when 491 is divided by 114?
35
What is the remainder when 1032981 is divided by 18446?
5
Calculate the remainder when 12365 is divided by 32.
13
Calculate the remainder when 39738 is divided by 16.
10
What is the remainder when 75339 is divided by 513?
441
What is the remainder when 278190 is divided by 8?
6
What is the remainder when 4097 is divided by 162?
47
Calculate the remainder when 24782 is divided by 27.
23
Calculate the remainder when 2526204 is divided by 1265.
1264
Calculate the remainder when 7753 is divided by 28.
25
What is the remainder when 160 is divided by 83?
77
Calculate the remainder when 30173 is divided by 282.
281
Calculate the remainder when 19014 is divided by 52.
34
What is the remainder when 18060 is divided by 3442?
850
What is the remainder when 43